and 4670?
2
Calculate the greatest common divisor of 2436 and 42.
42
Calculate the highest common divisor of 222 and 222.
222
Calculate the highest common factor of 108 and 720.
36
Calculate the highest common divisor of 878 and 30.
2
Calculate the highest common divisor of 1053 and 156.
39
Calculate the greatest common factor of 180 and 8.
4
What is the highest common factor of 9 and 27?
9
Calculate the greatest common factor of 2146 and 592.
74
Calculate the greatest common factor of 1450 and 50.
50
What is the greatest common divisor of 96 and 240?
48
What is the highest common factor of 138 and 69?
69
Calculate the greatest common divisor of 272 and 17.
17
Calculate the greatest common divisor of 28 and 3052.
28
Calculate the highest common factor of 1 and 79.
1
Calculate the greatest common factor of 28101 and 19.
19
What is the greatest common divisor of 154 and 62?
2
Calculate the greatest common divisor of 1104 and 5382.
138
Calculate the greatest common factor of 984 and 72.
24
Calculate the greatest common divisor of 252 and 18.
18
What is the greatest common divisor of 25424 and 28?
28
What is the highest common divisor of 2132 and 117?
13
What is the greatest common factor of 2436 and 21?
21
Calculate the greatest common divisor of 42559 and 53.
53
Calculate the highest common divisor of 255 and 425.
85
Calculate the greatest common factor of 123 and 984.
123
Calculate the greatest common divisor of 2465 and 725.
145
What is the greatest common factor of 700 and 11620?
140
What is the greatest common factor of 5 and 365?
5
Calculate the greatest common divisor of 189 and 581.
7
Calculate the greatest common divisor of 14874 and 536.
134
Calculate the greatest common divisor of 1022 and 42.
14
Calculate the highest common factor of 138 and 759.
69
What is the greatest common factor of 1196 and 184?
92
Calculate the greatest common divisor of 9801 and 22.
11
Calculate the greatest common factor of 20 and 90.
10
Calculate the highest common divisor of 112 and 952.
56
What is the greatest common divisor of 12 and 4152?
12
What is the greatest common factor of 7112 and 224?
56
What is the greatest common factor of 30 and 135?
15
What is the greatest common divisor of 32 and 1?
1
What is the highest common factor of 25 and 50?
25
Calculate the highest common factor of 2707 and 2.
1
Calculate the greatest common divisor of 560 and 1085.
35
What is the greatest common factor of 8 and 44?
4
What is the highest common factor of 34921 and 47?
47
Calculate the highest common divisor of 51060 and 37.
37
What is the highest common factor of 10 and 110?
10
What is the greatest common factor of 423 and 9?
9
What is the greatest common factor of 728 and 455?
91
Calculate the greatest common factor of 198 and 11418.
66
What is the highest common factor of 514 and 7453?
257
Calculate the greatest common divisor of 34 and 1700.
34
Calculate the greatest common factor of 45 and 45.
45
Calculate the highest common factor of 22 and 10406.
22
What is the greatest common divisor of 2718 and 99?
9
Calculate the greatest common factor of 240 and 30.
30
Calculate the greatest common divisor of 286 and 169.
13
Calculate the greatest common divisor of 4 and 18.
2
What is the highest common divisor of 265 and 45?
5
What is the greatest common divisor of 70 and 90?
10
Calculate the highest common factor of 256 and 64.
64
What is the greatest common divisor of 48 and 3?
3
What is the greatest common factor of 200 and 1300?
100
Calculate the highest common divisor of 594 and 88.
22
Calculate the greatest common factor of 4092 and 396.
132
What is the greatest common divisor of 171 and 405?
9
Calculate the greatest common divisor of 517 and 94.
47
What is the highest common divisor of 259 and 444?
37
What is the highest common divisor of 2624 and 246?
82
What is the highest common divisor of 37 and 37?
37
What is the greatest common factor of 27 and 1134?
27
Calculate the highest common divisor of 229 and 1.
1
What is the highest common factor of 512 and 16?
16
What is the highest common divisor of 19 and 3?
1
What is the highest common divisor of 6 and 822?
6
Calculate the greatest common divisor of 286 and 352.
22
Calculate the highest common divisor of 1575 and 441.
63
Calculate the greatest common divisor of 6208 and 32.
32
Calculate the greatest common factor of 84 and 1281.
21
Calculate the highest common factor of 5 and 3595.
5
What is the greatest common divisor of 80 and 140?
20
Calculate the greatest common divisor of 27 and 120.
3
Calculate the highest common divisor of 256 and 1984.
64
Calculate the greatest common divisor of 2 and 258.
2
What is the greatest common divisor of 1285 and 5?
5
Calculate the greatest common factor of 2268 and 840.
84
What is the greatest common factor of 24 and 420?
12
Calculate the highest common divisor of 4488 and 255.
51
What is the greatest common divisor of 774 and 18?
18
What is the greatest common divisor of 72 and 96?
24
Calculate the greatest common divisor of 2335 and 5.
5
Calculate the greatest common factor of 30 and 45.
15
What is the highest common divisor of 36 and 828?
36
What is the highest common factor of 52 and 15574?
26
What is the highest common factor of 1914 and 66?
66
What is the greatest common divisor of 78 and 234?
78
What is the greatest common factor of 292 and 3650?
146
Calculate the highest common divisor of 12 and 8956.
4
Calculate the greatest common divisor of 6 and 2274.
6
What is the greatest common factor of 7482 and 86?
86
What is the greatest common divisor of 73 and 3?
1
Calculate the greatest common divisor of 240 and 65.
5
Calculate the greatest common divisor of 234 and 66.
6
Calculate the highest common divisor of 549 and 423.
9
Calculate the greatest common factor of 40 and 1655.
5
What is the greatest common factor of 25 and 2650?
25
Calculate the greatest common divisor of 540 and 48.
12
What is the greatest common divisor of 186 and 465?
93
Calculate the greatest common divisor of 8739 and 18.
9
Calculate the greatest common divisor of 171 and 57.
57
What is the greatest common factor of 368 and 69?
23
Calculate the highest common divisor of 252 and 432.
36
Calculate the greatest common divisor of 537 and 3.
3
What is the highest common factor of 70 and 15?
5
What is the highest common divisor of 300 and 504?
12
Calculate the highest common factor of 152 and 570.
38
What is the highest common divisor of 8 and 1400?
8
What is the highest common divisor of 21 and 17?
1
Calculate the greatest common factor of 3002 and 3476.
158
Calculate the greatest common factor of 70 and 280.
70
What is the greatest common divisor of 44298 and 18?
18
Calculate the highest common factor of 42 and 78.
6
Calculate the greatest common divisor of 25 and 20.
5
What is the highest common factor of 1533 and 6351?
219
Calculate the highest common divisor of 264 and 876.
12
Calculate the greatest common divisor of 27 and 549.
9
Calculate the greatest common factor of 44 and 8382.
22
What is the highest common factor of 36 and 1044?
36
What is the greatest common divisor of 252 and 288?
36
Calculate the greatest common divisor of 54 and 1179.
9
What is the greatest common divisor of 1387 and 219?
73
Calculate the greatest common factor of 203 and 145.
29
Calculate the highest common divisor of 64 and 144.
16
What is the highest common factor of 5 and 887?
1
What is the highest common divisor of 424 and 8?
8
What is the highest common factor of 720 and 13920?
240
Calculate the highest common divisor of 38 and 17062.
38
Calculate the greatest common factor of 40 and 4352.
8
Calculate the highest common divisor of 234 and 169.
13
Calculate the highest common factor of 14 and 1358.
14
What is the highest common factor of 64 and 358?
2
Calculate the greatest common divisor of 1030 and 80.
10
What is the highest common divisor of 413 and 472?
59
Calculate the greatest common divisor of 144 and 1968.
48
Calculate the highest common divisor of 45 and 9.
9
Calculate the greatest common factor of 2494 and 87.
29
What is the greatest common factor of 900 and 27?
9
What is the highest common divisor of 64 and 280?
8
Calculate the greatest common factor of 296 and 8.
8
Calculate the greatest common factor of 6 